 the value of 113 - (218 - 131) - (66 - 2)?
-38
Calculate 40 + 25 + (-7 - -2) - (36 - 22).
46
What is the value of (173 - 259) + (8 + -5 - -21)?
-62
What is the value of -11 - -54 - 52 - -51?
42
(-58 - -24 - -39) + -36
-31
Evaluate 2 - (-42 - (-73 + 124)).
95
Evaluate (-28 + 7 - -30) + (-2 - 1 - 6).
0
What is (-51 - -45) + -8 + 16 + -55?
-53
(2 + -6 - (10 + 4 + -26)) + -5
3
What is the value of 26 + (-2 - 42) - ((5 - (3 - 6)) + 2)?
-28
What is 21 + -26 + -23 + 61?
33
(-3 - 10) + (-39 - (0 - -9 - (12 - 1)))
-50
What is -52 + 42 + (-15 - (9 - 6))?
-28
-7 + (18 + 3 - 43) + 118
89
Calculate (3192 - 3147 - (0 - (1 + -9)) - 8) + -8.
21
What is the value of (35 - 121) + -13 + 58?
-41
What is 114 + (0 - (1 + 2) - (81 - 93) - 6)?
117
Calculate (-7 + 12 - 4) + (2 - (-23 - 30)).
56
What is the value of 5 + -36 - -50 - (-9 + 52)?
-24
31 + (-143 + 8 + 2 - -22)
-80
Calculate 48 + (-71 + 13 - -46).
36
(33 - 50) + 30 + (3 - 2 - -22)
36
What is (3 - 62 - -23) + 17?
-19
What is the value of 10 - (-18 + -1 + 89) - (-6 + 5 + -14)?
-45
What is -34 + 0 + 24 + (61 + -30 - 42)?
-21
Evaluate 0 - 84 - (536 - 745).
125
What is the value of (8 - -1) + 4 + -3 - (145 - (121 + -110))?
-124
-135 + (7 - (-153 - -91))
-66
Calculate 114 + (23 - (-3 - (-6 - -2))) + (-10 - 0).
126
What is the value of (23 - 6) + -5 + (77 - 93)?
-4
What is the value of 13 + (7 - (11 + -3) - (36 - 5))?
-19
What is the value of -5 - (-35 + -44 + 56)?
18
Calculate 184 + -250 + 37 + (-20 - 0).
-49
(-51 - -3 - -3) + -18 + (-10 - -38)
-35
Evaluate 31 + 16 + (-169 - -60).
-62
10 + (9 + (-7 + -47 - -13) - 10)
-32
-40 + -51 + 34 + 51
-6
What is the value of -63 - 3 - (181 - 131 - 74)?
-42
What is -2 - -40 - (-4461 + 4546)?
-47
Evaluate (-5 - (1 + (3 - -10))) + (-4 - -2).
-21
(12 - -4) + (25 - 16) + -139 + 21
-93
Calculate -7 - (-14 - -21 - 12 - 6) - (-2 - -30).
-24
Calculate 76 - (-4 - (-16 + (4 - -16) - 8)).
76
-23 + -9 + -1 + (-33 - -52) + 11
-3
What is the value of 2 + 10 + -3 - ((-10 - (-10 + 9)) + 9)?
9
What is -9 + (6 + 80 + -3 - -34)?
108
(-14 - 29) + 4 - (-13 - 0) - (-4 + -1)
-21
What is the value of 14 + 11 + -15 + (-77 - -168)?
101
What is 0 + -2 + 1 + -1 + (965 - 961)?
2
Evaluate -101 - -58 - -72 - 39.
-10
Evaluate (0 - 103) + -54 + 21 + 28 + 12 - -4.
-92
What is -6 + 0 + -4 + (-17 - -10) + 12?
-5
What is the value of (7 - (-2 - -5) - -39) + -134 + 123?
32
Evaluate -9 + 0 + 7 + 1 + 64 + (154 - 165).
52
Evaluate 9 - (-4 + -53 + 8 + 12 - (-11 - -14)).
49
-54 + -88 + 153 + 53
64
(-25 - (19 - (-13 - -42)) - -48) + -2
31
What is -16 + 45 + -16 - (46 - -10)?
-43
What is the value of -22 + (-1 - -1) + 5 + 6 + 3 + 89?
81
Calculate (-110 - (72 + -150)) + 69.
37
Calculate -97 + 47 + 17 + 15 + 50.
32
-1 + 2 - -48 - (-57483 + 57446)
86
What is the value of -17 - -72 - 252 - -63?
-134
What is 31 - (20 - 27 - 16 - -43)?
11
42 + (16 + 0 + -22 - 2) + 2
36
(24 - 4) + 26 + -45 + 24 + -9
16
What is 21 - (-4 - (12 + -21 + -10)) - (0 + 28)?
-22
What is -80 - (-1 + -8 + -13 + 9 + 25 + -2)?
-90
What is -9 - (19 + (31 - (43 - 22)))?
-38
What is -76 - ((-5 - 23) + 44 - 28)?
-64
-16 - 23 - ((13 - 26) + 10)
-36
Calculate -34 + 2 - (2 + 1 + -5 + (120 - 126)).
-24
(154 - 222) + -4 + 1 + (0 + -1 - 1)
-73
What is the value of (-54 - (-44 - -32)) + 32?
-10
What is -6 + 5 + 60 + -144 + 128?
43
Calculate 2 - (9 - (-34 + 31)) - 35.
-45
-1 - -2 - (-117 - (-83 - 62))
-27
25 + -5 + (-16 - -52)
56
What is 28 + 17 + (31 - (1 + 15))?
60
What is -14 + (-15 + 2 - (-5 + -28))?
6
What is the value of -58 + (-56 - -87 - -88)?
61
What is the value of 14 + (-29 - ((7 - 10 - 1) + 8))?
-19
Evaluate 22 - (-537 - -515 - (-1 - 10)).
33
Evaluate (3 - (-13 + 2)) + (1432 - 1461).
-15
What is the value of 40 + (8 - 12) + -5 + (0 - -2)?
33
Evaluate -14 + 108 + 14 + -13 + (-1 + -4 - -17).
107
What is 639 - 684 - (2 + 0 - (-11 + 6))?
-52
Calculate 11 + 39 + -52 + (-12 - -1) + -8.
-21
Evaluate -244 - (-65 - 74) - -95.
-10
26 - (-7 + -2 + -2 + 7)
30
Evaluate 318 - 582 - (-224 - -65).
-105
What is the value of 3 + (43 - (24 - 1)) - 23?
0
What is the value of -53 + 42 + -24 + (-8 - (-14 - -12))?
-41
Evaluate -2 - (-9 + (0 - -6)) - (-32 - -33) - -39.
39
Evaluate (4 - 18 - -3) + 135 + -133 + (46 - 2).
35
Evaluate (-5 - (0 + (5 - 3))) + (-7 - -2) + -4.
-16
Calculate (-15 - -42) + -9 + 23.
41
Calculate (1 - 6) + 10 + 6 + -5 - 43.
-37
(7 - (3 + -9)) + (-88 - -42)
-33
What is -973 + 985 + -4 + (32 - 4)?
36
Calculate 33 + (-19 - -14) + 17 + -11.
34
What is the value of -49 + -70 + -33 + 77?
-75
Calculate -22 + 32 + -19 - (-2 + -1 + 0) - -10.
4
Calculate 23 + -13 + 3 + (42 - 43) + (-3 - 25).
-16
Evaluate (65 - 0) + (-11669 - -11668).
64
(-68 - 1) + 2508 + -2482
-43
Calculate -9 + (2 - (19 + (57 - 48))).
-35
(-24 - -70) + (-23 - (2 + -12))
33
What is (-5 - -20) + (12 + -9 + -4 - 43) + 15?
-14
What is (4 + 12 - 45) + 19 - -12 - 75?
-73
What is the value of 5 + 0 + -1 - -5 - (370 + -429)?
68
What is the value of 28 - (-16 + 47 - 5)?
2
What is 10 + -19 + 7 + 5 + -3 + 11 + -3?
8
What is (12 - -28) + 9 - 66?
-17
Evaluate 16 - 2 - -36 - (-2 + -24 + 12).
64
Evaluate -15 + (-22 - -10) + 0.
-27
Evaluate -99 - -45 - (18 + -17).
-55
Calculate -21 + -9 - -32 - (4 - (-3 + 0 - 0)).
-5
Evaluate 1 - 22 - (138 - (42 + -20) - 26).
-111
18 - (-11 - -78) - -53
4
-200 + 203 - ((-12 - -11) + 46 + 0 - 4)
-38
Calculate (177 - 26) + (143 - 164).
130
Calculate -56 + 54 + -10 + 7 + 14.
9
What is the value of -158 - -167 - (-26 - (2 - -2))?
39
What is the value of -2 + 31 + -25 + -1 + 14?
17
Calculate (-1 - (-4 + -13)) + 3 + -66.
-47
(-109 - 0) + (-72 + 64 - (-18 - (-2 - -5)))
-96
87 - (-99 + (212 - 65))
39
Evaluate 126 + (-293 - (51 + -102)).
-116
What is -1 - (57 - (-32 + 19 - (0 + 5)))?
-76
What is (81 - -5) + 10 + (-30 - 11)?
55
Evaluate -21 + 4 + -2 + 1779 + -1736 + 63.
87
Evaluate 7 + -1 + 8 + -13 + 48.
49
Calculate (-60 - -192 - 60) + -67.
5
Evaluate (14 - -3) + (502 - 526).
-7
What is -2 - (-15 + 2 - -34)?
-23
34 + (10 - 18 - -24)
50
Evaluate -4 + 0 - (-169 - -176 - -4).
-15
Evaluate (-8 - 7) + 23 + (3 - 15).
-4
Evaluate (4 - (-13 + 12 - -4) - -14) + (73 - 23).
65
Calculate -28 + ((42 - 22) + -24 - -39).
7
What is 48 + -104 - (-88 + 34)?
-2
36 + 22 + -25 + 3 - -2
38
Evaluate 65 + (5 + 38 + -22 - 37).
49
What is the value of (12 - (-19 + 52)) + 2 + 6?
-13
-36 + 96 + (2 - -4 - (-13 - -23))
56
What is (8 - 0) + -3 - ((9 - 12) + -2 + 10)?
0
Calculate -2 + -1 + (-54 - -58) + (-30 - 3).
-32
Calculate -1 + 8 + -1 + 3 + 403 + -92 + -247.
73
What is the value of -214 - (-96 - 45) - (-1 + 8)?
-80
What is (51 - (-60 + 100)) + 0 + 2 + (-53 - -1)?
-39
Evaluate -128 - (-87 + 88) - -115.
-14
Calculate -5 + 1 + (-41 - -255) + -248.
-38
-11 - 12 - -31 - (-30 - (3 - -1) - -3)
39
(32 - (21 + 1)) + -16 + 1 - -2 - -42
39
What is -14 + (-23 - -20) + 3 + 4 + -12?
-22
What is (-1295 - -1254) + (-5 + -75 - -7)?
-114
(-11 - (-5 + -1 - (-17 + 45 + -25))) + 6
4
What is -64 + (30 - 53 - -54)?
-33
72 - 85 - (5 - (6 + -6 - -45))
27
Calculate (6 - 0) + (2 - 4) - (-26 - -46).
-16
42 - (17 + 11 + -9)
23
What is 5 + 5 + 56 + -48 - 51?
-33
89 + -34 + 19 + -14
60
Evaluate -18 - ((110 - 17) + 7 + 17 + 0).
-135
Calculate (0 - -1) + ((13 - (-3 + -1)) + 3 - 3).
18
What is -3 + 8 + (12 - (17 + 5)) + (48 - 5)?
38
Calculate 2 - -1 - (239 - 249) - 15.
-2
What is the value of -1 + 1 + 5 + (68 - -14 - (-33 - -4))?
116
(-2 - (-16 - (-105 - -15))) + 6
-70
Evaluate -3 - 0 - -37 - (-34 - (-4 + -20)).
44
What is the value of -129 + (54 - 20) + -21 + 8?
-108
Evaluate 14 - 15 - (-1 + (9 - 4) + -39).
34
Evaluate -47 + (245 - (-153 + 306)).
45
What is the value of -8 + 53 + -93 + 72 - (4 - -1 - 0)?
19
What is -127 - (23 - 79 - -56)?
-127
-98 - (-142 - (20 - 82))
-18
What is the value of -14 + (-68 - -73) + -20?
-29
What is the value of (10 - (6 + 2 - 4)) + (-11 - -3) + 14?
12
49 + (39 + -2 - 89)
-3
What is -89 - (-10 + (-45 - -8))?
-42
Calculate (3 + -8 - 136) + (998 - 963).
-106
What is the value of (7 - (-5 - -12) - (14 - -19)) + -4 + 14?
-23
Evaluate 16 - 2 - (0 + 13) - (46 - -2).
-47
What is (0 - -16 - (550 - 539)) + 29 + 1?
35
Calculate 5 + 77 + 30 + (-31 - 26).
55
What is the value of 4 + -13 + (-54 - (-27 - -17) - (0 - -4))?
-57
Calculate 26 - (115 - 35) - (2 + -5 + -3).
-48
Calculate 6 - ((-1 - 5) + (-30 - -35) + 17 + -36).
26
E